(-3)?
8
Let v = 2 - 0. Suppose -3*w + 35 = v*w. What is the units digit of w?
7
Suppose 0*s = -s. Suppose s = 2*o - g - 8, 4*o + 5*g = -0*o - 12. Suppose o*u - 14 + 6 = 0. What is the units digit of u?
4
Let d = 6 + -7. Let w = d - -19. What is the units digit of w?
8
What is the tens digit of ((-54)/(-8))/((-8)/(-32))?
2
Let r(p) be the third derivative of 0 + 1/3*p**3 + 0*p + 2*p**2 + 1/12*p**4. What is the units digit of r(3)?
8
Let c be 15 - (-2 + 5 - 5). Let g = c + -7. What is the tens digit of g?
1
Let u = -56 - -143. What is the tens digit of u?
8
Suppose -6*k + 162 = 6. What is the tens digit of k?
2
Suppose 4*f - 8*f - 4*y = 0, 3*y - 3 = -4*f. Let s be 1*(3/f + 20). What is the units digit of 4/(-14) - (-153)/s?
7
Let h(t) = -t**3 + 8*t**2 + 2*t - 8. Let u be h(8). What is the tens digit of (-15 + u)*10/(-7)?
1
Let b(l) = -l**2 - l. Let o be b(1). What is the units digit of (3/o)/((-2)/4)?
3
Let z = 32 - -10. What is the units digit of z?
2
Let r(h) = 3*h**2 + 8*h + 13. What is the tens digit of r(-4)?
2
Suppose -4*r - w = -265, r - w = 3*r - 133. What is the tens digit of r?
6
Suppose 2*j + 2*x = -8, 6*j - 2*x - 3 = 3*j. Let d = j + 5. What is the units digit of d?
4
Let t(h) = -h - 6. Let j be t(-9). Suppose -b - r + 1 = 0, 3*b - j = 4*b + 5*r. Suppose -3*c + b*c + 3*g = -26, -2*c + 3*g = -43. What is the tens digit of c?
1
Let a(c) = -5*c**3 - 2*c**2 + c. Let v be a(1). Let d = v + 8. Suppose -d*i - 1 = -9. What is the units digit of i?
4
Let r = -5 + 27. Suppose 2*k + 4 = r. What is the units digit of k?
9
What is the units digit of (2/3*1)/((-6)/(-765))?
5
Suppose 0 = 2*p - 28 - 20. What is the tens digit of p?
2
Suppose -2*r - d + 0*d + 13 = 0, 3*r - 37 = -5*d. Suppose 0 = 2*x + r*i - 20, 4 = i - 0. What is the units digit of x?
2
Suppose 0 = 5*n - 280 + 40. What is the units digit of n?
8
Suppose -2*g - 10 + 68 = 0. What is the units digit of g?
9
Let a be 3 + -4 - 3*-3. Suppose -2*p - a = 12. Let o(s) = s**2 + 8*s - 10. What is the tens digit of o(p)?
1
Suppose -4*r = -5*b - 31, 2*b = -4*r - 0*b + 38. What is the units digit of r?
9
Suppose -4 = -3*l + l. Suppose -l*m + 8 + 4 = 0. What is the units digit of m?
6
Let x(d) = 2*d**3 - 2*d + 4. What is the tens digit of x(3)?
5
Suppose 1 + 2 = l, 0 = 5*z - 2*l + 1. Suppose -3*x = -6, -2*x = -i + 3*x + z. Let g = i - 8. What is the units digit of g?
3
Suppose 1 = -k - 3*q + 6, -5*q = 0. Let j be (-9 - -7)/(-1 - (-1)/3). Suppose -t + 3*t - j*h - 8 = 0, -5*h = k*t - 20. What is the units digit of t?
4
Suppose -171 = -2*t + 21. What is the tens digit of t?
9
Suppose -99*c = -98*c - 3. What is the units digit of c?
3
Suppose 0 = -2*f - k + 531, -3*k = -4*f + 1270 - 183. Suppose 4*t - 20 = 0, 0 = 4*y + 5*t - f + 87. What is the units digit of y?
9
Let d = 9 + -4. Let n = -2 - -3. What is the units digit of (-88)/(-10) + n/d?
9
Let l = 8 - 1. Let a(g) = -g**3 + 7*g**2 + 3*g - 8. What is the tens digit of a(l)?
1
What is the units digit of (2 + 0)/(-4 - -5)?
2
Let v = -1 - -30. What is the tens digit of v?
2
Suppose -2*f + 259 + 209 = 0. Suppose 2*g = 8*g - f. What is the tens digit of g?
3
Suppose 1 + 2 = l. Suppose 5*z = -0*z - 5*u + 135, -5*z - l*u + 127 = 0. What is the tens digit of z?
2
Let l(o) be the third derivative of -o**6/120 + o**5/10 - o**4/8 + o**3/6 - o**2. What is the tens digit of l(3)?
1
Suppose -86 = -2*w - 30. Suppose 2*o = -2*o + w. Let s = o - -2. What is the units digit of s?
9
Let y(l) = 3*l - 1. Let f be y(8). Suppose 2*t = f + 13. What is the tens digit of t?
1
Let a(m) be the third derivative of m**5/6 - m**4/8 - m**3/6 + m**2. Let h be a(-2). Suppose 9 = -4*o + h. What is the units digit of o?
9
Let i be 3 - -1 - 0/5. Suppose -3*h - u = 6, -i*h = -4*u + 8 - 0. What is the units digit of ((-1)/h)/((-3)/(-12))?
2
Let h be (6 + -1)*42/(-10). Suppose -3*j = -3*w + 90, -w + 19 = -2*j - 12. Let r = h + w. What is the units digit of r?
8
Let i(y) = 4 - 5 + y**2 + 16*y - 5*y + 8. Let g be i(-8). Let d = g + 25. What is the units digit of d?
8
Let g be (1 - (-3)/6)*-2. Let t = 10 + g. What is the units digit of t?
7
Let k = -320 - -672. What is the tens digit of k?
5
Let h(t) be the third derivative of -t**5/60 - t**4/24 - 2*t**2. Let a be h(1). What is the units digit of a + 3 + (1 - -7)?
9
Let u(k) = -2*k**3 - 12*k**2 + 5*k - 3. What is the hundreds digit of u(-8)?
2
Let c = 740 + -512. What is the hundreds digit of c?
2
Suppose -k + 15 = 4*k. Let s = -5 + k. What is the tens digit of 1 - 1*20/s?
1
Suppose b = 170 - 66. Suppose 5*n - b = n. What is the units digit of n?
6
Let f = -2 - -2. Let h = 0 - f. Suppose h = -2*m + o + 12, 0 = 3*m - 0*o + o - 28. What is the units digit of m?
8
Let v(i) = 18*i + 1. Let x be v(-1). Let f = x - -25. What is the units digit of f?
8
What is the units digit of (6/(-9)*-3)/((-3)/(-162))?
8
Let p(j) = -j**2 + j. Let u(t) = -t**2 - 5*t - 5. Let i(q) = 2*p(q) - u(q). Let g = 0 - -6. What is the units digit of i(g)?
1
Suppose 2*s + 118 = 3*d - 0*s, 5*s + 86 = 2*d. What is the units digit of d?
8
Let q(z) = 2*z**2 + 3*z - 1. Suppose -5*b + 2*b + 12 = -3*r, -b + 14 = -3*r. What is the tens digit of q(r)?
3
Let v(m) = -3*m**2 + 6*m - 9. Let f(q) = q**2 + q. Let c(y) = -2*f(y) - v(y). Let u be (-1)/(((-3)/21)/1). What is the units digit of c(u)?
2
Let h(i) = i**2 + 14. Let l be (-16)/(-24) + 28/3. Suppose 4 = -g + 3*g, -l = 5*c - 5*g. What is the units digit of h(c)?
4
Let d = -87 + 144. What is the tens digit of d?
5
Let x(o) = o**3 - 2*o**2 - 6*o + 1. Let s be x(5). Suppose 0 = -2*j + 2, 3*p - 2*j + j = -s. Let a = 23 + p. What is the units digit of a?
8
Suppose 2*n - q - 9 = 0, 5*q - q - 8 = -3*n. Let j(v) = 2*v**2 - 4*v + 6. What is the units digit of j(n)?
2
Let h(s) = s**2 + 4*s + 1. Let p be h(-5). Let g be p/8 - (-15)/(-20). Suppose g = -0*a - 5*a + 20. What is the units digit of a?
4
Let s(f) = -f**2 - 1. Let p be s(1). Let h be p/(-4) + 15/10. What is the tens digit of ((-8)/(-12))/(h/39)?
1
Suppose -x = -a + 3, -a - 2*x + 9 = 3*x. Suppose a = -0*q + q. Suppose 0 = -5*v + 2*o + 13, -14 = v + v + q*o. What is the units digit of v?
1
Let g be ((-32)/3)/(6/(-9)). Suppose 0 = 2*r - 52 + g. What is the units digit of r?
8
Suppose 38 + 34 = 3*b. Let m = 1 + b. What is the tens digit of m?
2
Suppose -3*u = -4*g + 16, 4 = 3*g - 2*g - 4*u. Let c = g + -4. Suppose -2*q + 2 = -c*q. What is the units digit of q?
1
Suppose 2*d - d = -7. Let f = -4 - d. Suppose 34 = f*b - 4*u + 3*u, -2*b + 16 = -4*u. What is the tens digit of b?
1
What is the units digit of -5 + (-5)/5*-182?
7
Suppose f + 2*f - 27 = 0. Suppose -2*p - f = -3*u, -6*p + 3*p + 15 = 5*u. Suppose -2*n - 26 = -u*b, 3*b + 4*n - 22 = 5*n. What is the units digit of b?
6
Let z = -9 + 1. Let v(h) = h**3 + 8*h**2 - h - 3. What is the units digit of v(z)?
5
Suppose 0 = -z + y + 165, -231 - 564 = -5*z - 5*y. What is the tens digit of z?
6
Let h = 2 + -3. Let l(k) = 11*k**2 - 1. What is the tens digit of l(h)?
1
Let k = 9 + 3. What is the units digit of k?
2
Let o(x) = -23*x + 1. Let l be o(-2). Suppose 0 = 4*c + 3*z - l, -3*z - 1 = -2*c - 0*c. What is the units digit of ((-10)/c)/((-7)/28)?
5
Suppose -b + 55 = 4*b. What is the tens digit of b?
1
Suppose -v + 16 = 14. Suppose -3*l = 2*z - 65, 0*z = -v*l + 2*z + 40. What is the units digit of l?
1
Let i(n) = n**2 - 4*n + 1. Let p be i(5). Suppose 0*y = -y + p. Suppose 4*f - 6*f + y = 0. What is the units digit of f?
3
Let v = 13 + -27. Let q be (-10)/2 - (0 + -2). Let i = q - v. What is the tens digit of i?
1
Let h(d) = -d + 3. Let j be h(2). Let c(z) = 0*z**3 + j - 2*z**3 - 5*z**3. What is the units digit of c(-1)?
8
Suppose 0*t - z = -4*t + 196, 5*z = 5*t - 245. What is the units digit of t?
9
Suppose l - 4*o - 16 = -2*l, -2*o - 8 = -4*l. Suppose l = -3*u + 1 + 2. What is the units digit of u?
1
Suppose -z = x - 18, -z - 2*z + 26 = x. What is the units digit of x?
4
Let b(z) = 135*z**2 + 5*z + 4. What is the hundreds digit of b(-1)?
1
Let f(k) = -k + 7. Let g be f(0). Let r(p) be the first derivative of p**2 - 6*p - 1. What is the units digit of r(g)?
8
Suppose -238 = -2*h - 2*a, 4*a - 29 + 669 = 5*h. What is the hundreds digit of h?
1
Suppose -3*b = 5*l - 680, -424 = -3*l - 9*b + 4*b. What is the hundreds digit of l?
1
What is the uni